{"id":2,"date":"2019-03-26T15:34:05","date_gmt":"2019-03-26T14:34:05","guid":{"rendered":"http:\/\/www.l-i-s-a.org\/?page_id=2"},"modified":"2025-07-01T11:01:26","modified_gmt":"2025-07-01T09:01:26","slug":"beispiel-seite","status":"publish","type":"page","link":"https:\/\/www.l-i-s-a.org\/?page_id=2","title":{"rendered":"Kreistag"},"content":{"rendered":"\n<h2 class=\"wp-block-heading\"><strong>Mona Speth<\/strong><\/h2>\n\n\n<div class=\"wp-block-image\">\n<figure class=\"alignleft\"><a href=\"https:\/\/www.liste-zukunft-em.de\/kandidierende\/mona-speth\/\"><img decoding=\"async\" src=\"https:\/\/www.liste-zukunft-em.de\/wp-content\/uploads\/2024\/02\/mona-speth.jpg\" alt=\"\"\/><\/a><figcaption class=\"wp-element-caption\">Kreistag Emmendingen<\/figcaption><\/figure><\/div>\n\n\n<p>Seit Juli\u00a0 2019 setze ich mich im Stadtrat daf\u00fcr ein, dass neue Wege gegangen werden &#8211; die Stadt mit innovativen Projekten belebt wird, und gemeinsam Visionen im Kontext des 21. Jahrhunderts entwickelt und umgesetzt werden.<br>Dabei geht es um Klimaschutz und Klimaanpassung, die Nutzung und den Schutz von nat\u00fcrlicher Landschaft und nat\u00fcrlichen Ressourcen genauso wie eine rege soziale und \u00f6konomische, regionale Entwicklung.<br>Eine Vision f\u00fcr Emmendingen konnte ich erstmals durch die Konzeptentwicklung f\u00fcr die Neu-Beplanung des Festplatzes (SommerUNI 2018) als neues Wohnviertel, Begegnungsort und Modellprojekt f\u00fcr nachhaltige Stadtentwicklung mitgestalten. Seit 2024 bin ich nun auch F\u00fcr LISA im Kreistag.<\/p>\n","protected":false},"excerpt":{"rendered":"<p>Mona Speth Seit Juli\u00a0 2019 setze ich mich im Stadtrat daf\u00fcr ein, dass neue Wege gegangen werden &#8211; die Stadt mit innovativen Projekten belebt wird, und gemeinsam Visionen im Kontext des 21. Jahrhunderts entwickelt und umgesetzt werden.Dabei geht es um &hellip; <a href=\"https:\/\/www.l-i-s-a.org\/?page_id=2\">Weiterlesen <span class=\"meta-nav\">&rarr;<\/span><\/a><\/p>\n","protected":false},"author":1,"featured_media":0,"parent":0,"menu_order":0,"comment_status":"closed","ping_status":"open","template":"","meta":{"footnotes":""},"class_list":["post-2","page","type-page","status-publish","hentry"],"_links":{"self":[{"href":"https:\/\/www.l-i-s-a.org\/index.php?rest_route=\/wp\/v2\/pages\/2"}],"collection":[{"href":"https:\/\/www.l-i-s-a.org\/index.php?rest_route=\/wp\/v2\/pages"}],"about":[{"href":"https:\/\/www.l-i-s-a.org\/index.php?rest_route=\/wp\/v2\/types\/page"}],"author":[{"embeddable":true,"href":"https:\/\/www.l-i-s-a.org\/index.php?rest_route=\/wp\/v2\/users\/1"}],"replies":[{"embeddable":true,"href":"https:\/\/www.l-i-s-a.org\/index.php?rest_route=%2Fwp%2Fv2%2Fcomments&post=2"}],"version-history":[{"count":1,"href":"https:\/\/www.l-i-s-a.org\/index.php?rest_route=\/wp\/v2\/pages\/2\/revisions"}],"predecessor-version":[{"id":86,"href":"https:\/\/www.l-i-s-a.org\/index.php?rest_route=\/wp\/v2\/pages\/2\/revisions\/86"}],"wp:attachment":[{"href":"https:\/\/www.l-i-s-a.org\/index.php?rest_route=%2Fwp%2Fv2%2Fmedia&parent=2"}],"curies":[{"name":"wp","href":"https:\/\/api.w.org\/{rel}","templated":true}]}}